) to base 9
-262
What is 1122110 (base 3) in base 4?
102300
Convert -653 (base 13) to base 7.
-3104
4059 (base 14) to base 11
8340
-329 (base 13) to base 6
-2302
-234652 (base 7) to base 15
-c8ea
3d9 (base 14) to base 5
11104
-3011 (base 13) to base 8
-14715
Convert 12c47 (base 13) to base 14.
cab0
What is 12091 (base 11) in base 4?
10033323
What is -298 (base 14) in base 15?
-251
342 (base 15) to base 6
3225
-a13f (base 16) to base 3
-2002121212
What is -314 (base 9) in base 7?
-514
What is 1223 (base 9) in base 8?
1620
What is 37064 (base 8) in base 12?
9270
Convert 40 (base 16) to base 11.
59
446a (base 12) to base 3
101101101
Convert -76 (base 11) to base 16.
-53
What is -3213 (base 5) in base 15?
-1dd
25551 (base 8) to base 16
2b69
Convert -1114100 (base 5) to base 3.
-1000022001
What is -67216 (base 8) in base 9?
-42736
What is 42a3 (base 13) in base 15?
2b24
Convert 13643 (base 9) to base 14.
3545
36536 (base 7) to base 8
22475
850 (base 10) to base 15
3ba
Convert -111100010 (base 2) to base 3.
-122212
-20202120 (base 3) to base 8
-11501
Convert b78 (base 16) to base 15.
d0b
11255 (base 8) to base 13
223a
-6cc (base 16) to base 8
-3314
Convert 3407 (base 13) to base 9.
10872
-341 (base 7) to base 3
-20112
35310 (base 6) to base 16
13da
What is 1014413 (base 5) in base 8?
40732
Convert 3461 (base 7) to base 9.
1658
-44060 (base 10) to base 15
-d0c5
What is 1101011111 (base 2) in base 13?
515
231012 (base 4) to base 15
cc6
Convert -8327 (base 10) to base 16.
-2087
Convert 1064 (base 8) to base 4.
20310
What is -1c7 (base 13) in base 5?
-2312
What is 29c (base 15) in base 13?
36c
Convert 131a8 (base 11) to base 5.
1100443
Convert -1644 (base 11) to base 14.
-aa5
What is -59d5 (base 14) in base 10?
-15671
Convert -2a1 (base 11) to base 2.
-101100001
What is 400213 (base 6) in base 4?
13213101
Convert ad3 (base 14) to base 16.
861
Convert -111010010 (base 2) to base 12.
-32a
What is 820 (base 16) in base 13?
c40
What is -1101000100000 (base 2) in base 6?
-50544
Convert -41436 (base 8) to base 5.
-1022212
-3ad4 (base 14) to base 5
-313003
3666 (base 13) to base 6
55333
Convert 21aa (base 11) to base 4.
231113
2111022 (base 3) to base 11
1402
What is 3334 (base 9) in base 7?
10114
Convert -10105 (base 6) to base 5.
-20322
-7289 (base 10) to base 3
-100222222
Convert -15230 (base 6) to base 2.
-100110100010
What is -38 (base 14) in base 12?
-42
671 (base 12) to base 8
1665
What is -2083 (base 12) in base 11?
-2742
What is 1a48 (base 15) in base 6?
42205
Convert 65502 (base 9) to base 15.
cce8
What is -50745 (base 8) in base 3?
-1001202111
Convert -10623 (base 8) to base 7.
-16055
Convert 3342101 (base 5) to base 15.
12751
What is -8c6 (base 13) in base 2?
-10111101010
7553 (base 10) to base 11
5747
What is 192b (base 12) in base 3?
11012022
Convert 54703 (base 8) to base 9.
34462
8150 (base 10) to base 4
1333112
574 (base 9) to base 13
2a4
Convert -11130 (base 4) to base 8.
-534
-34 (base 15) to base 13
-3a
What is -401203 (base 5) in base 14?
-4898
Convert 14425 (base 7) to base 4.
332110
What is -23 (base 9) in base 4?
-111
Convert -a3 (base 13) to base 10.
-133
99 (base 12) to base 7
225
What is -533 (base 10) in base 13?
-320
What is -24411 (base 7) in base 11?
-4879
What is 333201 (base 5) in base 8?
26634
Convert -34 (base 15) to base 4.
-301
Convert 8026 (base 9) to base 7.
23034
What is -5145 (base 7) in base 12?
-1059
Convert 52784 (base 9) to base 11.
24253
What is 1522 (base 6) in base 12?
2a2
Convert -42453 (base 7) to base 11.
-79a8
What is 11101100 (base 2) in base 3?
22202
-12c97 (base 13) to base 10
-35107
What is 14cc (base 14) in base 12?
2190
1110001011001 (base 2) to base 16
1c59
-3230 (base 14) to base 16
-21da
What is 57 (base 13) in base 12?
60
What is 35164 (base 10) in base 11?
24468
What is 91 (base 14) in base 11?
106
What is -68b (base 13) in base 15?
-504
Convert -178a8 (base 11) to base 12.
-125b0
What is 94a (base 12) in base 13?
802
-236 (base 14) to base 5
-3230
What is 7b8 (base 12) in base 7?
3230
-7865 (base 9) to base 6
-42522
Convert -6709 (base 13) to base 14.
-534a
What is -468 (base 10) in base 7?
-1236
-100200 (base 3) to base 2
-100000101
-3321 (base 5) to base 14
-24d
1122 (base 5) to base 11
138
Convert b1a (base 15) to base 10.
2500
-2111133 (base 4) to base 11
-7208
What is 22134 (base 11) in base 10?
32102
What is 5 (base 9) in base 3?
12
-1294 (base 12) to base 15
-96d
Convert -339 (base 12) to base 5.
-3402
Convert 7c (base 13) to base 15.
6d
What is 121233 (base 4) in base 12?
b53
What is -23013 (base 4) in base 10?
-711
What is -3066 (base 13) in base 16?
-1a13
What is -5432 (base 7) in base 2?
-11110001110
Convert -439 (base 11) to base 3.
-201111
3388 (base 14) to base 9
13233
100011011101 (base 2) to base 10
2269
Convert -17693 (base 10) to base 11.
-12325
13724 (base 12) to base 14
9b76
Convert 1637 (base 10) to base 3.
2020122
432200 (base 5) to base 8
34523
Convert -567 (base 16) to base 6.
-10223
Convert -339 (base 14) to base 4.
-21333
What is 2120211 (base 3) in base 16?
75d
Convert 222 (base 4) to base 10.
42
-130202 (base 6) to base 2
-10110111011010
-1619 (base 10) to base 4
-121103
-43a6 (base 11) to base 8
-13253
24100 (base 5) to base 2
11011101111
What is 4213 (base 6) in base 5?
12240
85b7 (base 13) to base 6
221551
Convert 5698 (base 15) to base 12.
a768
10728 (base 9) to base 3
100210222
What is 32552 (base 6) in base 15?
1522
Convert 1200330 (base 4) to base 11.
4730
1633 (base 8) to base 13
560
325 (base 6) to base 16
7d
20002001 (base 3) to base 4
1011031
What is 595 (base 11) in base 10?
709
What is 412 (base 10) in base 2?
110011100
What is 16545 (base 7) in base 6?
33533
Convert -2936 (base 10) to base 16.
-b78
-727 (base 10) to base 8
-1327
35630 (base 10) to base 13
132aa
What is 4331 (base 6) in base 8?
1737
1a9c (base 13) to base 3
12111202
12c1 (base 15) to base 11
3012
-330233 (base 5) to base 15
-3548
What is 1223 (base 4) in base 10?
107
What is -110110112 (base 3) in base 12?
-5312
Convert 432 (base 5) to base 2.
1110101
-7722 (base 10) to base 16
-1e2a
Convert -21311 (base 5) to base 16.
-5b0
-5189 (base 13) to base 10
-11267
Convert -322001 (base 4) to base 8.
-7201
-1304 (base 14) to base 3
-11120120
740 (base 9) to base 3
211100
633 (base 7) to base 3
102210
-8791 (base 10) to base 16
-2257
da (base 16) to base 7
431
26210 (base 8) to base 5
331100
1521 (base 6) to base 9
504
What is 202 (base 3) in base 6?
32
What is -101111100011 (base 2) in base 12?
-1917
Convert -33444 (base 5) to base 7.
-6631
What is -ab2 (base 13) in base 5?
-24320
Convert 2022 (base 7) to base 4.
22332
Convert -347 (base 16) to base 14.
-43d
What is -120111011 (base 3) in base 16?
-2c1a
What is -22220 (base 3) in base 9?
-286
What is 2133 (base 9) in base 12?
aa9
Convert 1011110111010001 (base 2) to base 14.
139cd
2032112 (base 4) to base 9
13442
11233230 (base 4) to base 14
880c
-1732 (base 8) to base 15
-45b
-284 (base 14) to base 3
-200211
Convert -139 (base 13) to base 16.
-d9
Convert 10505 (base 8) to base 14.
187b
Convert -303 (base 10) to base 14.
-179
Convert -248a (base 12) to base 2.
-1000000101010
What is -4b (base 16) in base 9?
-83
What is 130 (base 11) in base 6?
414
-1155 (base 15) to base 2
-111001100000
Convert 98f (base 16) to base 15.
ad2
2204 (base 6) to base 5
4013
What is -52250 (base 7) in base 3?
-122120222
What is -100452 (base 8) in base 2?
-1000000100101010
Convert 12122 (base 4) to base 10.
410
Convert -110001110 (base 2) to base 5.
-3043
What is 1062 (base 15) in base 8?
6613
103b (base 13) to base 2
100011000111
600 (base 8) to base 13
237
Convert 1130213 (base 4) to base 14.
2235
-2033222 (base 4) to base 11
-69a9
What is 1224 (base 6) in base 11?
257
-2041 (base 6) to base 4
-13021
-1b6a2 (base 14) to base 5
-4214133
What is 121210211 (base 3) in base 12?
7111
-1024031 (base 5) to base 7
-101463
Convert -10000022022 (base 3) to base 13.
-20c96
1022233 (base 4) to base 7
16642
Convert -9422 (base 12) to base 4.
-3330122
Convert 1101041 (base 5) to base 7.
106043
1201201 (base 3) to base 12
891
-4355 (base 6) to base 12
-6bb
-157 (base 12) to base 4
-3103
Convert -8147 (base 9) to base 15.
-1b71
Convert -b15 (base 13) to base 5.
-30002
What is 121